{"id":14,"date":"2023-01-05T15:22:17","date_gmt":"2023-01-05T18:22:17","guid":{"rendered":"https:\/\/cecfacdd.org\/?page_id=14"},"modified":"2023-02-11T11:16:49","modified_gmt":"2023-02-11T14:16:49","slug":"atividades","status":"publish","type":"page","link":"https:\/\/cecfacdd.org\/index.php\/atividades\/","title":{"rendered":"Atividades"},"content":{"rendered":"\n<div class=\"wp-block-uagb-container uagb-block-874498c2 alignfull uagb-is-root-container\"><div class=\"uagb-container-inner-blocks-wrap\"><\/div><\/div>\n\n\n\n<div class=\"wp-block-uagb-container uagb-block-0cc4668f alignfull uagb-is-root-container\"><div class=\"uagb-container-inner-blocks-wrap\">\n<div class=\"wp-block-uagb-advanced-heading uagb-block-508bf600\"><h3 class=\"uagb-heading-text\"><strong>Veja a seguir algumas das atividades que oferecemos em nossa institui\u00e7\u00e3o!<\/strong><\/h3><\/div>\n<\/div><\/div>\n\n\n\n<figure class=\"wp-block-image aligncenter size-large\"><img loading=\"lazy\" decoding=\"async\" width=\"1024\" height=\"576\" src=\"https:\/\/cecfacdd.org\/wp-content\/uploads\/2023\/01\/Projeto-Ler-Brincar-e-Se-Divertir-1024x576.png\" alt=\"\" class=\"wp-image-176\" srcset=\"https:\/\/cecfacdd.org\/wp-content\/uploads\/2023\/01\/Projeto-Ler-Brincar-e-Se-Divertir-1024x576.png 1024w, https:\/\/cecfacdd.org\/wp-content\/uploads\/2023\/01\/Projeto-Ler-Brincar-e-Se-Divertir-300x169.png 300w, https:\/\/cecfacdd.org\/wp-content\/uploads\/2023\/01\/Projeto-Ler-Brincar-e-Se-Divertir-768x432.png 768w, https:\/\/cecfacdd.org\/wp-content\/uploads\/2023\/01\/Projeto-Ler-Brincar-e-Se-Divertir.png 1280w\" sizes=\"auto, (max-width: 1024px) 100vw, 1024px\" \/><\/figure>\n\n\n\n<div class=\"wp-block-columns is-layout-flex wp-container-core-columns-is-layout-28f84493 wp-block-columns-is-layout-flex\">\n<div class=\"wp-block-column is-vertically-aligned-center is-layout-flow wp-block-column-is-layout-flow\">\n<div class=\"wp-block-uagb-info-box uagb-block-0b68263e uagb-infobox__content-wrap  uagb-infobox-icon-above-title uagb-infobox-image-valign-top\"><div class=\"uagb-ifb-content\"><div class=\"uagb-ifb-title-wrap\"><h3 class=\"uagb-ifb-title\">Entenda o nosso projeto!<\/h3><\/div><p class=\"uagb-ifb-desc\">Microprojeto que contempla a realiza\u00e7\u00e3o de oficinas educativas, integrando saberes nos campos de matem\u00e1tica, ci\u00eancias socias, educa\u00e7\u00e3o art\u00edstica, bem &#8211; estar, al\u00e9m de c\u00edrculos de literatura e conta\u00e7\u00e3o de hist\u00f3ria e variadas atividades l\u00fadicas, para 30 crian\u00e7as, de 07 a 12 anos, matriculadas na rede de ensino p\u00fablico. As atividades ser\u00e3o realizadas \u00e0s 3\u00aa e 5\u00ba feiras, na parte da tarde, pelo per\u00edodo de 2 meses.<br><strong>OBJETIVOS<\/strong><br>&#8211; Difundir as quest\u00f5es relacionadas aos direitos humanos, cultura e educa\u00e7\u00e3o proporcionando o desenvolvimento dos participantes;<br>&#8211; Incentivar a realiza\u00e7\u00e3o de atividades que estimulam a promo\u00e7\u00e3o da qualidade de vida, constru\u00e7\u00e3o de conhecimentos e preserva\u00e7\u00e3o do meio ambiente para incentivar a autoestima da popula\u00e7\u00e3o local.<\/p><div class=\"uagb-ifb-button-wrapper wp-block-button\"><a href=\"https:\/\/wa.me\/5521986941511\" class=\"uagb-infobox-cta-link wp-block-button__link\" target=\"_blank\" rel=\"noopener noreferrer\" alt=\"\"><svg width=\"20\" height=\"20\" xmlns=\"https:\/\/www.w3.org\/2000\/svg\" viewBox=\"0 0 448 512\"><path d=\"M380.9 97.1C339 55.1 283.2 32 223.9 32c-122.4 0-222 99.6-222 222 0 39.1 10.2 77.3 29.6 111L0 480l117.7-30.9c32.4 17.7 68.9 27 106.1 27h.1c122.3 0 224.1-99.6 224.1-222 0-59.3-25.2-115-67.1-157zm-157 341.6c-33.2 0-65.7-8.9-94-25.7l-6.7-4-69.8 18.3L72 359.2l-4.4-7c-18.5-29.4-28.2-63.3-28.2-98.2 0-101.7 82.8-184.5 184.6-184.5 49.3 0 95.6 19.2 130.4 54.1 34.8 34.9 56.2 81.2 56.1 130.5 0 101.8-84.9 184.6-186.6 184.6zm101.2-138.2c-5.5-2.8-32.8-16.2-37.9-18-5.1-1.9-8.8-2.8-12.5 2.8-3.7 5.6-14.3 18-17.6 21.8-3.2 3.7-6.5 4.2-12 1.4-32.6-16.3-54-29.1-75.5-66-5.7-9.8 5.7-9.1 16.3-30.3 1.8-3.7 .9-6.9-.5-9.7-1.4-2.8-12.5-30.1-17.1-41.2-4.5-10.8-9.1-9.3-12.5-9.5-3.2-.2-6.9-.2-10.6-.2-3.7 0-9.7 1.4-14.8 6.9-5.1 5.6-19.4 19-19.4 46.3 0 27.3 19.9 53.7 22.6 57.4 2.8 3.7 39.1 59.7 94.8 83.8 35.2 15.2 49 16.5 66.6 13.9 10.7-1.6 32.8-13.4 37.4-26.4 4.6-13 4.6-24.1 3.2-26.4-1.3-2.5-5-3.9-10.5-6.6z\"><\/path><\/svg><span class=\"uagb-inline-editing\">Fale conosco<\/span><\/a><\/div><\/div><\/div>\n<\/div>\n\n\n\n<div class=\"wp-block-column is-layout-flow wp-block-column-is-layout-flow\">\n<figure class=\"wp-block-image size-full\"><img loading=\"lazy\" decoding=\"async\" width=\"960\" height=\"720\" src=\"http:\/\/cecfacdd.org\/wp-content\/uploads\/2023\/01\/atividade.jpg\" alt=\"\" class=\"wp-image-177\" srcset=\"https:\/\/cecfacdd.org\/wp-content\/uploads\/2023\/01\/atividade.jpg 960w, https:\/\/cecfacdd.org\/wp-content\/uploads\/2023\/01\/atividade-300x225.jpg 300w, https:\/\/cecfacdd.org\/wp-content\/uploads\/2023\/01\/atividade-768x576.jpg 768w\" sizes=\"auto, (max-width: 960px) 100vw, 960px\" \/><\/figure>\n<\/div>\n<\/div>\n\n\n\n<div class=\"wp-block-columns is-layout-flex wp-container-core-columns-is-layout-28f84493 wp-block-columns-is-layout-flex\">\n<div class=\"wp-block-column is-layout-flow wp-block-column-is-layout-flow\">\n<figure class=\"wp-block-image size-large\"><img loading=\"lazy\" decoding=\"async\" width=\"1024\" height=\"1024\" src=\"https:\/\/cecfacdd.org\/wp-content\/uploads\/2023\/01\/Imagem-do-WhatsApp-de-2023-01-19-as-18.02.24-1024x1024.jpg\" alt=\"\" class=\"wp-image-226\" srcset=\"https:\/\/cecfacdd.org\/wp-content\/uploads\/2023\/01\/Imagem-do-WhatsApp-de-2023-01-19-as-18.02.24-1024x1024.jpg 1024w, https:\/\/cecfacdd.org\/wp-content\/uploads\/2023\/01\/Imagem-do-WhatsApp-de-2023-01-19-as-18.02.24-300x300.jpg 300w, https:\/\/cecfacdd.org\/wp-content\/uploads\/2023\/01\/Imagem-do-WhatsApp-de-2023-01-19-as-18.02.24-150x150.jpg 150w, https:\/\/cecfacdd.org\/wp-content\/uploads\/2023\/01\/Imagem-do-WhatsApp-de-2023-01-19-as-18.02.24-768x768.jpg 768w, https:\/\/cecfacdd.org\/wp-content\/uploads\/2023\/01\/Imagem-do-WhatsApp-de-2023-01-19-as-18.02.24-1536x1536.jpg 1536w, https:\/\/cecfacdd.org\/wp-content\/uploads\/2023\/01\/Imagem-do-WhatsApp-de-2023-01-19-as-18.02.24.jpg 1600w\" sizes=\"auto, (max-width: 1024px) 100vw, 1024px\" \/><\/figure>\n<\/div>\n\n\n\n<div class=\"wp-block-column is-vertically-aligned-center is-layout-flow wp-block-column-is-layout-flow\">\n<div class=\"wp-block-uagb-info-box uagb-block-09dbaec1 uagb-infobox__content-wrap  uagb-infobox-icon-above-title uagb-infobox-image-valign-top\"><div class=\"uagb-ifb-content\"><div class=\"uagb-ifb-title-wrap\"><h3 class=\"uagb-ifb-title\">CRECHE<\/h3><\/div><p class=\"uagb-ifb-desc\">O CECFA pretende atender agora crian\u00e7as de 2 anos e 11 meses de idade, dando continuidade ao trabalho iniciado em 96. Atendendo a crian\u00e7a de forma integral em sua necessidade b\u00e1sica de educa\u00e7\u00e3o, afeto e socializa\u00e7\u00e3o!<br>Corra e fa\u00e7a sua inscri\u00e7\u00e3o,&nbsp;VAGAS&nbsp;LIMITADAS<\/p><div class=\"uagb-ifb-button-wrapper wp-block-button\"><a href=\"https:\/\/wa.me\/5521986941511\" class=\"uagb-infobox-cta-link wp-block-button__link\" target=\"_blank\" rel=\"noopener noreferrer\" alt=\"\"><svg width=\"20\" height=\"20\" xmlns=\"https:\/\/www.w3.org\/2000\/svg\" viewBox=\"0 0 448 512\"><path d=\"M380.9 97.1C339 55.1 283.2 32 223.9 32c-122.4 0-222 99.6-222 222 0 39.1 10.2 77.3 29.6 111L0 480l117.7-30.9c32.4 17.7 68.9 27 106.1 27h.1c122.3 0 224.1-99.6 224.1-222 0-59.3-25.2-115-67.1-157zm-157 341.6c-33.2 0-65.7-8.9-94-25.7l-6.7-4-69.8 18.3L72 359.2l-4.4-7c-18.5-29.4-28.2-63.3-28.2-98.2 0-101.7 82.8-184.5 184.6-184.5 49.3 0 95.6 19.2 130.4 54.1 34.8 34.9 56.2 81.2 56.1 130.5 0 101.8-84.9 184.6-186.6 184.6zm101.2-138.2c-5.5-2.8-32.8-16.2-37.9-18-5.1-1.9-8.8-2.8-12.5 2.8-3.7 5.6-14.3 18-17.6 21.8-3.2 3.7-6.5 4.2-12 1.4-32.6-16.3-54-29.1-75.5-66-5.7-9.8 5.7-9.1 16.3-30.3 1.8-3.7 .9-6.9-.5-9.7-1.4-2.8-12.5-30.1-17.1-41.2-4.5-10.8-9.1-9.3-12.5-9.5-3.2-.2-6.9-.2-10.6-.2-3.7 0-9.7 1.4-14.8 6.9-5.1 5.6-19.4 19-19.4 46.3 0 27.3 19.9 53.7 22.6 57.4 2.8 3.7 39.1 59.7 94.8 83.8 35.2 15.2 49 16.5 66.6 13.9 10.7-1.6 32.8-13.4 37.4-26.4 4.6-13 4.6-24.1 3.2-26.4-1.3-2.5-5-3.9-10.5-6.6z\"><\/path><\/svg><span class=\"uagb-inline-editing\">Fale conosco<\/span><\/a><\/div><\/div><\/div>\n<\/div>\n<\/div>\n\n\n\n<div class=\"wp-block-uagb-container uagb-block-53b38ffc alignfull uagb-is-root-container\"><div class=\"uagb-container-inner-blocks-wrap\">\n<div class=\"wp-block-uagb-container uagb-block-8d05b016\">\n<div class=\"wp-block-uagb-image uagb-block-7bd9b56a wp-block-uagb-image--layout-default wp-block-uagb-image--effect-static wp-block-uagb-image--align-none\"><figure class=\"wp-block-uagb-image__figure\"><img decoding=\"async\" srcset=\"https:\/\/cecfacdd.org\/wp-content\/uploads\/2023\/01\/doacao.jpg \" src=\"https:\/\/cecfacdd.org\/wp-content\/uploads\/2023\/01\/doacao.jpg\" alt=\"\" class=\"uag-image-79\" width=\"\" height=\"\" title=\"\" loading=\"lazy\"\/><\/figure><\/div>\n<\/div>\n\n\n\n<div class=\"wp-block-uagb-container uagb-block-40c0e60a\">\n<div class=\"wp-block-uagb-advanced-heading uagb-block-77775545\"><h2 class=\"uagb-heading-text\"><strong>Torne-se um doador!<\/strong><\/h2><p class=\"uagb-desc-text\">O PRIMEIRO PASSO PARA POTENCIALIZAR O SONHO DE UMA CRIAN\u00c7A \u00c9 ACREDITAR NELA MAS, PARA AL\u00c9M DISSO, \u00c9 FUNDAMENTAL OPORTUNIZAR ACESSO \u00c0 EDUCA\u00c7\u00c3O. JUNTE SE A N\u00d3S!<\/p><\/div>\n\n\n\n<div class=\"wp-block-buttons is-layout-flex wp-block-buttons-is-layout-flex\">\n<div class=\"wp-block-button\"><a class=\"wp-block-button__link has-background wp-element-button\" href=\"https:\/\/www.vakinha.com.br\/3405095\" style=\"background-color:#f29d52\" target=\"_blank\" rel=\"noreferrer noopener\"><strong>Clique para Doar!<\/strong><\/a><\/div>\n<\/div>\n\n\n\n<div class=\"wp-block-uagb-container uagb-block-ad232c03\">\n<p><strong>Outras formas de doar:<\/strong><br>Banco Cora SCD &#8211; 403<br>Ag\u00eancia 0001<br>Conta 1979339-8<br>____________________________________________________<br>Pix &#8211; 02.606.922\/0001-72<br>CECFA &#8211; Centro Educacional Crian\u00e7a Futuro e Adolesc\u00eancia<br>____________________________________________________<br>Caixa econ\u00f4mica<br>Ag 1024<br>OP 013<br>Conta\u00a032321-2<\/p>\n<\/div>\n<\/div>\n<\/div><\/div>\n\n\n\n<div class=\"wp-block-columns is-layout-flex wp-container-core-columns-is-layout-28f84493 wp-block-columns-is-layout-flex\">\n<div class=\"wp-block-column is-vertically-aligned-center is-layout-flow wp-block-column-is-layout-flow\">\n<div class=\"wp-block-uagb-info-box uagb-block-55c53c2e uagb-infobox__content-wrap  uagb-infobox-icon-above-title uagb-infobox-image-valign-top\"><div class=\"uagb-ifb-content\"><div class=\"uagb-ifb-title-wrap\"><h3 class=\"uagb-ifb-title\">Oficina de Gastronomia<\/h3><\/div><p class=\"uagb-ifb-desc\">Tem como finalidade estimular a crian\u00e7a a olhar o alimento n\u00e3o s\u00f3 a fim de nutri- se, mas tamb\u00e9m como forma de express\u00e3o e arte al\u00e9m de ser uma boa maneira de fixar e aprender a receitas. A crian\u00e7a aprende a trabalhar em equipe e fazer novas amizades. <strong>Quinta de 14h as 16h<\/strong><\/p><div class=\"uagb-ifb-button-wrapper wp-block-button\"><a href=\"https:\/\/wa.me\/5521986941511\" class=\"uagb-infobox-cta-link wp-block-button__link\" target=\"_blank\" rel=\"noopener noreferrer\" alt=\"\"><svg width=\"20\" height=\"20\" xmlns=\"https:\/\/www.w3.org\/2000\/svg\" viewBox=\"0 0 448 512\"><path d=\"M380.9 97.1C339 55.1 283.2 32 223.9 32c-122.4 0-222 99.6-222 222 0 39.1 10.2 77.3 29.6 111L0 480l117.7-30.9c32.4 17.7 68.9 27 106.1 27h.1c122.3 0 224.1-99.6 224.1-222 0-59.3-25.2-115-67.1-157zm-157 341.6c-33.2 0-65.7-8.9-94-25.7l-6.7-4-69.8 18.3L72 359.2l-4.4-7c-18.5-29.4-28.2-63.3-28.2-98.2 0-101.7 82.8-184.5 184.6-184.5 49.3 0 95.6 19.2 130.4 54.1 34.8 34.9 56.2 81.2 56.1 130.5 0 101.8-84.9 184.6-186.6 184.6zm101.2-138.2c-5.5-2.8-32.8-16.2-37.9-18-5.1-1.9-8.8-2.8-12.5 2.8-3.7 5.6-14.3 18-17.6 21.8-3.2 3.7-6.5 4.2-12 1.4-32.6-16.3-54-29.1-75.5-66-5.7-9.8 5.7-9.1 16.3-30.3 1.8-3.7 .9-6.9-.5-9.7-1.4-2.8-12.5-30.1-17.1-41.2-4.5-10.8-9.1-9.3-12.5-9.5-3.2-.2-6.9-.2-10.6-.2-3.7 0-9.7 1.4-14.8 6.9-5.1 5.6-19.4 19-19.4 46.3 0 27.3 19.9 53.7 22.6 57.4 2.8 3.7 39.1 59.7 94.8 83.8 35.2 15.2 49 16.5 66.6 13.9 10.7-1.6 32.8-13.4 37.4-26.4 4.6-13 4.6-24.1 3.2-26.4-1.3-2.5-5-3.9-10.5-6.6z\"><\/path><\/svg><span class=\"uagb-inline-editing\">Fale conosco<\/span><\/a><\/div><\/div><\/div>\n<\/div>\n\n\n\n<div class=\"wp-block-column is-layout-flow wp-block-column-is-layout-flow\">\n<figure class=\"wp-block-image size-large\"><img loading=\"lazy\" decoding=\"async\" width=\"1024\" height=\"1024\" src=\"https:\/\/cecfacdd.org\/wp-content\/uploads\/2023\/01\/gastronomia-1024x1024.jpg\" alt=\"\" class=\"wp-image-234\" srcset=\"https:\/\/cecfacdd.org\/wp-content\/uploads\/2023\/01\/gastronomia.jpg 1024w, https:\/\/cecfacdd.org\/wp-content\/uploads\/2023\/01\/gastronomia-300x300.jpg 300w, https:\/\/cecfacdd.org\/wp-content\/uploads\/2023\/01\/gastronomia-150x150.jpg 150w, https:\/\/cecfacdd.org\/wp-content\/uploads\/2023\/01\/gastronomia-768x768.jpg 768w\" sizes=\"auto, (max-width: 1024px) 100vw, 1024px\" \/><\/figure>\n<\/div>\n<\/div>\n\n\n\n<div class=\"wp-block-columns is-layout-flex wp-container-core-columns-is-layout-28f84493 wp-block-columns-is-layout-flex\">\n<div class=\"wp-block-column is-layout-flow wp-block-column-is-layout-flow\">\n<figure class=\"wp-block-image size-large\"><img loading=\"lazy\" decoding=\"async\" width=\"1024\" height=\"1024\" src=\"https:\/\/cecfacdd.org\/wp-content\/uploads\/2023\/01\/artesanato-1024x1024.jpg\" alt=\"\" class=\"wp-image-235\" srcset=\"https:\/\/cecfacdd.org\/wp-content\/uploads\/2023\/01\/artesanato.jpg 1024w, https:\/\/cecfacdd.org\/wp-content\/uploads\/2023\/01\/artesanato-300x300.jpg 300w, https:\/\/cecfacdd.org\/wp-content\/uploads\/2023\/01\/artesanato-150x150.jpg 150w, https:\/\/cecfacdd.org\/wp-content\/uploads\/2023\/01\/artesanato-768x768.jpg 768w\" sizes=\"auto, (max-width: 1024px) 100vw, 1024px\" \/><\/figure>\n<\/div>\n\n\n\n<div class=\"wp-block-column is-vertically-aligned-center is-layout-flow wp-block-column-is-layout-flow\">\n<div class=\"wp-block-uagb-info-box uagb-block-7418bb8e uagb-infobox__content-wrap  uagb-infobox-icon-above-title uagb-infobox-image-valign-top\"><div class=\"uagb-ifb-content\"><div class=\"uagb-ifb-title-wrap\"><h3 class=\"uagb-ifb-title\">Oficina de Artesanato<\/h3><\/div><p class=\"uagb-ifb-desc\">Quando reaproveitamos objetos que seriam descartados e transformamos em outro, estamos contribuindo com uma cadeia sustent\u00e1vel.<br><strong>Sexta de 14h as 16h<\/strong><\/p><div class=\"uagb-ifb-button-wrapper wp-block-button\"><a href=\"https:\/\/wa.me\/5521986941511\" class=\"uagb-infobox-cta-link wp-block-button__link\" target=\"_blank\" rel=\"noopener noreferrer\" alt=\"\"><svg width=\"20\" height=\"20\" xmlns=\"https:\/\/www.w3.org\/2000\/svg\" viewBox=\"0 0 448 512\"><path d=\"M380.9 97.1C339 55.1 283.2 32 223.9 32c-122.4 0-222 99.6-222 222 0 39.1 10.2 77.3 29.6 111L0 480l117.7-30.9c32.4 17.7 68.9 27 106.1 27h.1c122.3 0 224.1-99.6 224.1-222 0-59.3-25.2-115-67.1-157zm-157 341.6c-33.2 0-65.7-8.9-94-25.7l-6.7-4-69.8 18.3L72 359.2l-4.4-7c-18.5-29.4-28.2-63.3-28.2-98.2 0-101.7 82.8-184.5 184.6-184.5 49.3 0 95.6 19.2 130.4 54.1 34.8 34.9 56.2 81.2 56.1 130.5 0 101.8-84.9 184.6-186.6 184.6zm101.2-138.2c-5.5-2.8-32.8-16.2-37.9-18-5.1-1.9-8.8-2.8-12.5 2.8-3.7 5.6-14.3 18-17.6 21.8-3.2 3.7-6.5 4.2-12 1.4-32.6-16.3-54-29.1-75.5-66-5.7-9.8 5.7-9.1 16.3-30.3 1.8-3.7 .9-6.9-.5-9.7-1.4-2.8-12.5-30.1-17.1-41.2-4.5-10.8-9.1-9.3-12.5-9.5-3.2-.2-6.9-.2-10.6-.2-3.7 0-9.7 1.4-14.8 6.9-5.1 5.6-19.4 19-19.4 46.3 0 27.3 19.9 53.7 22.6 57.4 2.8 3.7 39.1 59.7 94.8 83.8 35.2 15.2 49 16.5 66.6 13.9 10.7-1.6 32.8-13.4 37.4-26.4 4.6-13 4.6-24.1 3.2-26.4-1.3-2.5-5-3.9-10.5-6.6z\"><\/path><\/svg><span class=\"uagb-inline-editing\">Fale conosco<\/span><\/a><\/div><\/div><\/div>\n<\/div>\n<\/div>\n","protected":false},"excerpt":{"rendered":"<p>Veja a seguir algumas das atividades que oferecemos em nossa institui\u00e7\u00e3o! Torne-se um doador! O PRIMEIRO PASSO PARA POTENCIALIZAR O SONHO DE UMA CRIAN\u00c7A \u00c9 ACREDITAR NELA MAS, PARA AL\u00c9M DISSO, \u00c9 FUNDAMENTAL OPORTUNIZAR ACESSO \u00c0 EDUCA\u00c7\u00c3O. JUNTE SE A N\u00d3S! Outras formas de doar:Banco Cora SCD &#8211; 403Ag\u00eancia 0001Conta 1979339-8____________________________________________________Pix &#8211; 02.606.922\/0001-72CECFA &#8211; Centro [&hellip;]<\/p>\n","protected":false},"author":1,"featured_media":0,"parent":0,"menu_order":0,"comment_status":"closed","ping_status":"closed","template":"","meta":{"inline_featured_image":false,"_uag_custom_page_level_css":"","site-sidebar-layout":"default","site-content-layout":"","ast-site-content-layout":"default","site-content-style":"default","site-sidebar-style":"default","ast-global-header-display":"","ast-banner-title-visibility":"","ast-main-header-display":"","ast-hfb-above-header-display":"","ast-hfb-below-header-display":"","ast-hfb-mobile-header-display":"","site-post-title":"disabled","ast-breadcrumbs-content":"","ast-featured-img":"","footer-sml-layout":"","ast-disable-related-posts":"","theme-transparent-header-meta":"","adv-header-id-meta":"","stick-header-meta":"","header-above-stick-meta":"","header-main-stick-meta":"","header-below-stick-meta":"","astra-migrate-meta-layouts":"default","ast-page-background-enabled":"default","ast-page-background-meta":{"desktop":{"background-color":"var(--ast-global-color-4)","background-image":"","background-repeat":"repeat","background-position":"center center","background-size":"auto","background-attachment":"scroll","background-type":"","background-media":"","overlay-type":"","overlay-color":"","overlay-opacity":"","overlay-gradient":""},"tablet":{"background-color":"","background-image":"","background-repeat":"repeat","background-position":"center center","background-size":"auto","background-attachment":"scroll","background-type":"","background-media":"","overlay-type":"","overlay-color":"","overlay-opacity":"","overlay-gradient":""},"mobile":{"background-color":"","background-image":"","background-repeat":"repeat","background-position":"center center","background-size":"auto","background-attachment":"scroll","background-type":"","background-media":"","overlay-type":"","overlay-color":"","overlay-opacity":"","overlay-gradient":""}},"ast-content-background-meta":{"desktop":{"background-color":"var(--ast-global-color-5)","background-image":"","background-repeat":"repeat","background-position":"center center","background-size":"auto","background-attachment":"scroll","background-type":"","background-media":"","overlay-type":"","overlay-color":"","overlay-opacity":"","overlay-gradient":""},"tablet":{"background-color":"var(--ast-global-color-5)","background-image":"","background-repeat":"repeat","background-position":"center center","background-size":"auto","background-attachment":"scroll","background-type":"","background-media":"","overlay-type":"","overlay-color":"","overlay-opacity":"","overlay-gradient":""},"mobile":{"background-color":"var(--ast-global-color-5)","background-image":"","background-repeat":"repeat","background-position":"center center","background-size":"auto","background-attachment":"scroll","background-type":"","background-media":"","overlay-type":"","overlay-color":"","overlay-opacity":"","overlay-gradient":""}},"footnotes":""},"class_list":["post-14","page","type-page","status-publish","hentry"],"uagb_featured_image_src":{"full":false,"thumbnail":false,"medium":false,"medium_large":false,"large":false,"1536x1536":false,"2048x2048":false},"uagb_author_info":{"display_name":"cecfa2019@gmail.com","author_link":"https:\/\/cecfacdd.org\/index.php\/author\/cecfa2019gmail-com\/"},"uagb_comment_info":0,"uagb_excerpt":"Veja a seguir algumas das atividades que oferecemos em nossa institui\u00e7\u00e3o! Torne-se um doador! O PRIMEIRO PASSO PARA POTENCIALIZAR O SONHO DE UMA CRIAN\u00c7A \u00c9 ACREDITAR NELA MAS, PARA AL\u00c9M DISSO, \u00c9 FUNDAMENTAL OPORTUNIZAR ACESSO \u00c0 EDUCA\u00c7\u00c3O. JUNTE SE A N\u00d3S! Outras formas de doar:Banco Cora SCD &#8211; 403Ag\u00eancia 0001Conta 1979339-8____________________________________________________Pix &#8211; 02.606.922\/0001-72CECFA &#8211; Centro&hellip;","_links":{"self":[{"href":"https:\/\/cecfacdd.org\/index.php\/wp-json\/wp\/v2\/pages\/14","targetHints":{"allow":["GET"]}}],"collection":[{"href":"https:\/\/cecfacdd.org\/index.php\/wp-json\/wp\/v2\/pages"}],"about":[{"href":"https:\/\/cecfacdd.org\/index.php\/wp-json\/wp\/v2\/types\/page"}],"author":[{"embeddable":true,"href":"https:\/\/cecfacdd.org\/index.php\/wp-json\/wp\/v2\/users\/1"}],"replies":[{"embeddable":true,"href":"https:\/\/cecfacdd.org\/index.php\/wp-json\/wp\/v2\/comments?post=14"}],"version-history":[{"count":8,"href":"https:\/\/cecfacdd.org\/index.php\/wp-json\/wp\/v2\/pages\/14\/revisions"}],"predecessor-version":[{"id":252,"href":"https:\/\/cecfacdd.org\/index.php\/wp-json\/wp\/v2\/pages\/14\/revisions\/252"}],"wp:attachment":[{"href":"https:\/\/cecfacdd.org\/index.php\/wp-json\/wp\/v2\/media?parent=14"}],"curies":[{"name":"wp","href":"https:\/\/api.w.org\/{rel}","templated":true}]}}